 the tens digit of s?
8
Let b(g) = 7*g**2 - 13*g + 23. What is the units digit of b(4)?
3
Let x(y) = 2*y + 2*y - 8*y - 3 + 4. Let s be x(7). Let p = 45 + s. What is the units digit of p?
8
Let d = 28 - 33. What is the units digit of 2 + (-75)/d - 1?
6
Let j be ((-39)/(-12))/(1/4). Suppose -2*s - j*s + 315 = 0. What is the units digit of s?
1
Let g(o) = -10*o**2 + 4*o + 3. Let f(d) = -20*d**2 + 8*d + 6. Let i(u) = 4*f(u) - 9*g(u). Let v be (-1)/(10/4 + -2). What is the tens digit of i(v)?
4
Let y(a) = a**3 + 17*a**2 + 17*a + 21. Let w be y(-16). Let x(t) = 7*t**2 + 2*t + 15. What is the hundreds digit of x(w)?
2
Suppose -17062 = -17*s + 2199. What is the hundreds digit of s?
1
Let y(x) = 143*x**2. Let h be y(1). Suppose -7 = 2*n - h. Suppose -n = -4*m + 2*o, -57 = -3*m - 2*o - 6. What is the units digit of m?
7
Let k(p) = p - 1. Let v = 7 + -7. Let d be k(v). What is the units digit of 1/d + 2 - -20?
1
Let h be (-7)/(21/(-6)) + -129 - -2. Let c = 193 + h. What is the tens digit of c?
6
Let a(g) = -3*g**2 - g + 2. Let z be a(5). Let o = 134 + z. Let l = o + -10. What is the units digit of l?
6
Let o = -22 - 51. Let b = 118 + o. What is the tens digit of b?
4
Let l(x) = x**2 - 5*x + 2. Let w be l(5). Suppose 4*z = -c + 52 + 3, 2*c - 86 = -w*z. Suppose 0 = 5*s - 86 - c. What is the units digit of s?
5
What is the hundreds digit of (8924/161)/((-1)/(-14))?
7
Let c = 112 + -51. Suppose -c = 2*z - 309. What is the hundreds digit of z?
1
Suppose 5*t = t + 44. Let y = 307 + -333. Let g = t - y. What is the units digit of g?
7
Let q(z) = 3*z - 3. Let r be q(2). Let d = r - -2. What is the units digit of d?
5
Suppose 382*i = 375*i + 10843. What is the units digit of i?
9
Let i(w) = -w**2 + 8*w + 64. Let o be i(13). What is the units digit of ((-5)/3 + (o - -2))*-129?
6
Suppose 0 = -6*h + 7 + 11. Suppose 0 = 4*r + h*c - 268, 5*r + 2*c + 3*c - 330 = 0. What is the units digit of r?
0
Let g = 42 - 39. Suppose -g*m - 2*m = -15, -b - m = -179. What is the units digit of b?
6
Let d(v) be the first derivative of -13*v**2/2 - 2*v - 13. What is the units digit of d(-8)?
2
What is the tens digit of (-4 - 6624/(-40))/((-4)/(-10))?
0
Let s = 36 - -13. Let n(c) = -c. Let v be n(0). Suppose v = -f + 3*b + b - 5, 3*f = -4*b + s. What is the tens digit of f?
1
Suppose 5*d + x + 25 = 0, 3*d + 4*x = -2*d - 25. Let r = 18 - 19. What is the units digit of d/(-4)*4 + r?
4
Suppose -4*j - 7*u + 4663 = -10*u, 4*u - 1161 = -j. What is the tens digit of j?
6
Suppose -4*a = 5*u - 12090, -11*a + 2418 = u - 15*a. What is the units digit of u?
8
Suppose -11*r + 4*r = -70. Let o = r + -5. Let x(v) = -v**3 + 7*v**2 + 6. What is the tens digit of x(o)?
5
Let u(c) = -c**2 + 13*c - 8. Let j be u(12). Suppose 0 = -j*g + 8 + 4. Suppose g*p = -p + 192. What is the units digit of p?
8
Let v(d) = d**3 + 2*d**2 + 332. What is the tens digit of v(0)?
3
Suppose 0 = 18*s - 45*s + 11367. What is the tens digit of s?
2
Suppose -5*d + 953 = -1372. What is the units digit of d?
5
Suppose -679 = 5*x - 12*x. Let r = 195 - x. What is the tens digit of r?
9
What is the thousands digit of (72/27)/((-8)/(-6648))?
2
Suppose 1006 = 4*p - 1350. What is the tens digit of p?
8
Suppose -5*c + 0*c = 40. Let d = -7 - c. What is the units digit of (21/(-5))/(d/(-5))?
1
Suppose 2*w + 20 = -3*w. Let s be 66/24 + (-1)/w. Let c = 32 - s. What is the tens digit of c?
2
Let m(d) = 5*d - 19. Let o be m(5). Let u(j) = j**3 - j**2 + 2*j + 6. What is the hundreds digit of u(o)?
1
Let z(i) = -224*i + 243. What is the hundreds digit of z(-5)?
3
Let w = 78 - -142. What is the tens digit of w + (4 - 2)*-1?
1
Let o(n) = 150*n - 657. What is the tens digit of o(26)?
4
Let b(l) = -l**2 + 3*l + 137. What is the units digit of b(13)?
7
Suppose 6 = 4*x - 5*p + 3*p, 3 = 5*x - 4*p. Suppose -x*i + 310 = 2*i. What is the tens digit of i/3 - (-2)/(-3)?
2
Suppose 0 = 10*q - 12*q + 3558. What is the tens digit of q?
7
Suppose 160*i - 1518 = 159*i. What is the hundreds digit of i?
5
Suppose 7*q - 3*q - 2*c = -22, 25 = 5*c. Let w be (-3)/(2*-2 - q). Suppose -w*i - 24 = -4*i. What is the tens digit of i?
2
Suppose u - 5*z + 17 = 0, u - 6*u - 22 = -4*z. What is the tens digit of (27 - 8)/(u/(-8))?
7
Let i(y) = 278*y + 4. Let t be i(-8). Let l be (-1)/(-7) - t/42. Suppose r + l = 3*r + 5*c, -3*r - 5*c = -82. What is the units digit of r?
9
What is the hundreds digit of (-6)/(-60) + 31595/50?
6
Let o = -30 - -1. Let r = -25 - o. Suppose 0 = -d - r + 48. What is the units digit of d?
4
Let x(b) = 15*b**2 + b + 2. Suppose 5*h = 2*i - 22, -4*i + 0*i = 3*h + 8. Suppose 5*f - 2*r = -7, -2*f + 5*f + 4*r = i. What is the tens digit of x(f)?
1
Let w(c) = 35*c. Let z be w(1). Let t = z - -27. Suppose -s = s - t. What is the units digit of s?
1
Let l(s) = 2*s**2 + 23*s - 300. What is the units digit of l(19)?
9
Suppose -4*h - 3*p = -24, 0 = 3*h - 2*h - 3*p - 6. Let m = -2 + h. Suppose -5*q + 2*d = -115, 5*q - 134 + 9 = m*d. What is the tens digit of q?
2
Let f = -8 - 7. Let k = -10 - f. Suppose 2*h + 4 - 27 = 5*g, 0 = k*h - g - 23. What is the units digit of h?
4
What is the units digit of (-40963)/(-65) + 11 - (-1)/(-5)?
1
Let c(i) = 67*i - 106. What is the hundreds digit of c(10)?
5
Let d be ((-10)/(-4))/(10/1060). Let q = d - 188. Suppose -3*x + 49 + q = 0. What is the tens digit of x?
4
Let q(x) = 35*x - 16. Let g be q(3). Let z = g + 6. What is the tens digit of z?
9
Let c be 4/12*0 + 0. Let m = 5 + -3. Suppose -y + 5*a + m + 0 = c, 30 = y + 2*a. What is the tens digit of y?
2
Let z(f) = -f**3 + 2*f**2 + 11*f + 6. Let h(v) = v**3 + 4*v**2 - 7*v - 7. Let x be h(-5). What is the units digit of z(x)?
0
Suppose -5*w - m = -8, -2*w + w + 3*m - 8 = 0. Let c be (-8)/12*-6 - w. Suppose 11 = 2*n - c. What is the units digit of n?
7
Suppose -2*d - 3*q = -2511, -5033 = -4*d + 3*q + 2*q. What is the tens digit of d?
5
Let v(k) = -k**2 + 3. Let q be v(-3). Let x be (-2)/q + 40/15. Suppose -3*j + 4*c = -49, -c - 54 = -x*j + 10. What is the units digit of j?
3
Suppose 0 = 5*u - w - w - 119, 5*u + w - 128 = 0. What is the units digit of u?
5
Suppose 4*l + 11115 = 5*u, 5*l - 2*l = 15. What is the tens digit of u?
2
Let c be 47/4 + 6/24. Let w be 12/(-9)*c/(-8). Suppose 5*i = w*s - 12, s - 5*i = -2*s + 13. What is the units digit of s?
1
Suppose 0 = -8*o - 0*o - 72. Let q be 2 + 4*o/6. What is the units digit of q/(8/6) - -7?
4
Let g(k) = 2*k**2 - 10*k + 1. Suppose -c + 3*c - b = -5, 2*c + b = 5. Suppose 2*h - 14 = -c*h. What is the units digit of g(h)?
9
Suppose -3*a + 16 = 1. Suppose 2*m - 4*x = m + 75, a*m = -4*x + 471. What is the units digit of m?
1
Let w(q) = -20*q**3 + 2*q. Let x(t) = t**3 + 1. Let m(d) = -w(d) + x(d). Let s(b) = -b - 2. Let y be s(-3). What is the tens digit of m(y)?
2
Let r be ((-9)/3 - -2)/(-1). Let j = r + -5. What is the units digit of 2*j*1/(-2)?
4
Suppose 12 = -c + 11. Suppose 0 = -p + 5*w + 6, 0 = 7*w - 3*w - 4. Let s = p + c. What is the tens digit of s?
1
Let l be 782/(-6) - (-2)/6. Let g = -81 - l. Suppose -5*i - 4*k + 46 = 0, 2*i - 7*i = k - g. What is the units digit of i?
0
Let s = -15 + 26. Let x = s - 3. What is the units digit of x?
8
Let h = 18 + -7. Let m(a) = -a**3 + 12*a**2 - 10*a - 5. Let k be m(h). What is the units digit of 16/k + 8/(-12)?
2
Let w = -13 - -19. Suppose 0 = 5*p + w - 26. Suppose -h + 5*b - 120 = -6*h, -p*b = -12. What is the tens digit of h?
2
Suppose -5*z + 957 = 222. What is the tens digit of z?
4
Let c = -82 - -82. Suppose c*b = -4*p - 5*b + 144, -4*b - 15 = -p. What is the tens digit of p?
3
Let f be (-2 + 0)*9 - 0. Let b = 18 + f. Suppose n - 36 - 14 = b. What is the tens digit of n?
5
Suppose 2*h + 13 = -u, 4*u - 5*h + 0*h - 13 = 0. Let k be (24/4)/(-2)*u. What is the units digit of ((-6)/k)/((-2)/99)?
3
Suppose 5*n + 34 = 4*k - 2*k, 3*k = 2*n + 18. Let d = n - -10. Suppose -4*h + 52 = -d*b, -2*b = -2*h - 3*b + 11. What is the units digit of h?
8
Suppose -12422 = -5*n + 11443. What is the units digit of n?
3
Suppose -3*j + 9 = 0, 29*n + 5*j = 25*n + 19355. What is the hundreds digit of n?
8
Let u(f) = -f**3 + 18*f**2 + f - 23. Let d be u(18). What is the units digit of (-483)/d - (-42)/(-70)?
6
Let d = -23 + -3. Let m = 7 + d. Let f = 0 - m. What is the tens digit of f?
1
Let j = -290 - -550. What 